53 = 10*h - 9083. What are the prime factors of h?
19, 37
Let y = -294 - -206. List the prime factors of ((-56)/(-32))/((-2)/y).
7, 11
Let i = -27 - -40. Suppose 4*w + 108 = 4*u, -35 - i = -2*u + 4*w. Let h = u + 3. What are the prime factors of h?
3, 11
Let w be (3 - -5)*(-10)/(-8). Suppose 5*q + 80 = w. Let n = 18 + q. What are the prime factors of n?
2
List the prime factors of 4/16*18*98.
3, 7
Let k(i) = -2*i - 8. Let l be k(-4). Suppose 0 = 5*r + n - 19, r + l*n = -n + 7. Suppose 4*d + w - 3*w = 90, -r*d + 87 = 5*w. List the prime factors of d.
2, 3
Let d(r) = 30*r**2 + r - 2. Let n(o) = o**2 + 4*o - 11. Let g be (1 - -8)/(18/(-12)). Let f be n(g). What are the prime factors of d(f)?
29
Let j(w) = -w**2 + 4. Let y be j(0). Suppose -y*u + 40 = -0*u. List the prime factors of u.
2, 5
Let y(w) = -w**3 + 6*w**2 - 7*w + 5. Let m be y(4). Suppose 5*n - m = 11. Suppose -n*h + 10*h - 192 = 0. List the prime factors of h.
2
Suppose -p + 303 = -5*k - 32, -345 = -p - 5*k. List the prime factors of p.
2, 5, 17
Let t = -30 - -35. Let m(o) = 2*o**3 - o**2 - 2*o + 4. What are the prime factors of m(t)?
3, 73
Let t = -47 + 43. Let x(l) = 5*l**2 - 7*l - 6. What are the prime factors of x(t)?
2, 3, 17
Let s(t) = t**3 + 13*t**2 + t + 10. Let a be s(-13). Let o(l) = 6*l**2 - l. List the prime factors of o(a).
3, 19
Let d(q) = 4*q**2 + 4*q + q**3 - 1 - 4*q**3 + 2. Let x be d(-3). Suppose 4*u + 10 = x. List the prime factors of u.
2, 3
Let m be 0 + 1 - 60/6. What are the prime factors of 48/m*(1 - 4)?
2
Let a(p) = -p**3 + 5*p**2 - 3*p - 1. Let o be a(3). Suppose 0 = -o*f + 12*f - 8. What are the prime factors of f?
2
Let q(c) = -c**2 + 9*c - 5. Let m be q(6). Suppose -9*s + 132 = -m*s. Let u = s + 56. List the prime factors of u.
23
Suppose u + q = -0*u - 11, 11 = -u + 3*q. Let o = 2 - u. List the prime factors of o.
13
What are the prime factors of 3/7 - (4720/(-28) + 8)?
7, 23
Suppose 0 = -g - 3*j - 3, -3 + 0 = 4*g + 3*j. Suppose g = -6*v + 172 + 482. List the prime factors of v.
109
Suppose 3*w + 0*w - 336 = 0. Suppose 0 = -0*c - 2*c - 8, 2*i - 162 = 5*c. Let p = w - i. What are the prime factors of p?
41
Suppose -k - 3592 = -4*j, j - 909 = -0*j + 3*k. What are the prime factors of j?
3, 13, 23
Suppose -5*n = -5*k - 230, 4 = 3*k - 5*n + 152. Let i = k - -66. Suppose -2*h + h + 2*m + 28 = 0, 0 = h - 5*m - i. List the prime factors of h.
2, 3, 5
Let b(k) = k**2 + k + 1. Let a(g) = 7*g**2 + 8*g + 12. Let x(i) = a(i) - 6*b(i). List the prime factors of x(-8).
2, 3
Suppose 0 = -0*r + 2*r - 8. Suppose 3*w - d = 12 + 4, -w + d = -r. What are the prime factors of w?
2, 3
Let v(o) = 2*o**2 - 2*o - 1. Let f = 8 - -1. Suppose 0 = 4*u - f*u - 10. List the prime factors of v(u).
11
Let v = -3 + 630. List the prime factors of v.
3, 11, 19
Let y(q) = -8*q - 6*q + 4*q. Let a be y(-2). Suppose -5*k + 2*i + a = 0, -3*i = -2*k - 4 + 1. List the prime factors of k.
2, 3
Suppose 4*i = -4*m + 52, -2*m + 2*i + 64 = m. Let z = 30 + m. What are the prime factors of z?
2, 3
Suppose -1499 = -5*m + 2*q, 2*m - 1514 = -3*m - 3*q. List the prime factors of m.
7, 43
Let c(z) = -z**2 + z + 25. Let n be c(0). Suppose 3*t = -3*t + 12. Suppose j = t*j - n. List the prime factors of j.
5
Let i = 48 - 44. What are the prime factors of 5904/60 - i/10?
2, 7
Let x(u) = 1013*u**2 - 94*u - 191. List the prime factors of x(-2).
4049
Let s = 44 + -42. Let c(m) be the first derivative of 10*m**3/3 - 2*m - 2. What are the prime factors of c(s)?
2, 19
Let z = 25 - 21. Suppose -z*h + 117 = 5*h. Let v = 36 + h. What are the prime factors of v?
7
Suppose 6 + 1026 = 4*c. What are the prime factors of c?
2, 3, 43
Let u = -108 + 253. What are the prime factors of u?
5, 29
Let u(s) = 14*s**3 - 2*s**2 + 2*s - 1. Let p be u(1). Suppose p*v + 635 = 18*v. What are the prime factors of v?
127
Let x be (-5)/((-5)/2)*-1. List the prime factors of 116/x*33/(-22).
3, 29
Let g = 639 - -1438. What are the prime factors of g?
31, 67
Let h(p) = 2*p**3 + 31*p**2 - 3*p + 42. List the prime factors of h(-15).
2, 3, 13
Let t(m) = m**2 + 7*m + 7. Suppose -x + 7 = -v - 0, -2*v + 40 = 4*x. List the prime factors of t(x).
151
Let l(z) = -z**3 + 7*z**2 + 11*z - 20. Let s be l(8). Suppose s*p = 3*p + 34. List the prime factors of p.
2, 17
Let s = 330 - -175. What are the prime factors of s?
5, 101
Suppose 4*o - 164 = -0*o. Let l = 81 - o. What are the prime factors of l?
2, 5
Let a(i) = 28*i**2 - i + 4. Let h be a(3). Suppose 4*v = h + 31. What are the prime factors of v?
71
Let g = -222 + 594. List the prime factors of g.
2, 3, 31
Let z be (-22)/(-55) + 4/(-10). Suppose -5*n = -5*q - 59 - 46, z = 5*n + 3*q - 113. List the prime factors of n.
2, 11
Let t(w) = 29*w**2 - 4*w - 5. Let f(l) = 3*l + 16. Let q be f(-6). What are the prime factors of t(q)?
7, 17
Suppose -27*g = -39*g + 7224. List the prime factors of g.
2, 7, 43
Let r(f) = f**2 - 5*f - 2. Let n be r(7). Let c = -29 + 30. Let b = n + c. What are the prime factors of b?
13
Suppose -25 = -5*t, -2*d - t = d - 557. What are the prime factors of d?
2, 23
Let z(b) = -b**3 - 6*b**2 + 6*b - 3. Let j be z(-7). Suppose 5*d - 34 - 31 = -f, 20 = -j*f. List the prime factors of d.
2, 7
Suppose 3*y = 3*g + 8811, -13*g - 3 = -10*g. List the prime factors of y.
2, 367
Let i = -24 + 35. Let b = i + -17. List the prime factors of 63 + b*(-2)/(-3).
59
Suppose -3*g = -2*u + 3*u - 741, 5*u = -2*g + 3692. List the prime factors of u.
2, 3, 41
Suppose -982 = -45*j + 43*j. List the prime factors of j.
491
Let b be (1 - 7)*(-20)/30. Suppose -2*k + 289 = 5*w, 2*k + 2*w = b*w + 324. List the prime factors of k.
157
Suppose 4*b - 894 - 498 = 0. Suppose 5*g + 0*w - b = -3*w, 2*w = -8. Let x = -25 + g. What are the prime factors of x?
47
Let i(q) = -q**3 + 7*q**2 + 3*q - 6. Let k be i(7). Suppose -5 = -5*p - k. Let a = 15 - p. List the prime factors of a.
17
Let u(t) = t**3 + 13*t**2 + 15*t + 38. List the prime factors of u(-12).
2
Let b be ((-4)/10)/(5/(-25)). What are the prime factors of (-570)/(-40) + b/(-8)?
2, 7
Let k = 436 + -258. Let s = k + -18. What are the prime factors of s?
2, 5
Suppose t + 2*i - 7*i = -25, 5*t + i + 47 = 0. Let d = t + 13. Suppose 17 = s - d*z, 4*s = s - z + 31. List the prime factors of s.
11
Let g be 10 - (-8)/(-2) - 1. Let v(p) = p**3 - p**2 - 5*p - 7. List the prime factors of v(g).
2, 17
Suppose 4*i - 16 - 12 = 0. Let v = 1 + i. Suppose g - v = -2. List the prime factors of g.
2, 3
Let k(j) = 4*j**2 - 2*j + 14. Let n be k(-6). Suppose 2*y - 5*q = -y + n, q = 2. What are the prime factors of y?
2, 3, 5
Let r be 5/(5/(-61))*-5. Let o = -139 + r. List the prime factors of o.
2, 83
Let x be (30/50)/((-1)/(-25)). Let t(p) = x*p**2 + 16*p**2 + 1 - 5*p - 28*p**2. What are the prime factors of t(4)?
29
Let w(b) = -b**3 + b**2 - 8*b + 1. Let j be w(2). Let p = 57 + j. What are the prime factors of p?
2, 19
Let g = 1069 - 749. Suppose -3*p + 299 = -k, -4*p - g = -k + 2*k. List the prime factors of (2/4)/((-11)/k).
2, 7
List the prime factors of (-9461)/(-9) + (33/(-27) - -1).
1051
Suppose -3*y = w - 10, -w - 6 = -0*w - 5*y. Suppose 7*v + 52 = 3*k + 3*v, 0 = w*k - 2*v - 86. List the prime factors of k.
2, 3
Suppose -185*b + 178*b = -2863. What are the prime factors of b?
409
Suppose r + 1119 = 5*r + q, -1410 = -5*r - 5*q. List the prime factors of r.
3, 31
Suppose -4*v - 545 = -9*v. List the prime factors of v.
109
Let r(w) = -8*w - 5. Let z be r(7). Let y = z + 19. Let b = -27 - y. List the prime factors of b.
3, 5
Suppose 735 = 21*w - 20*w. List the prime factors of w.
3, 5, 7
What are the prime factors of (836/(-3) + -3)*-3?
5, 13
Let p(u) = -137*u - 25. Let d be p(4). What are the prime factors of d/(-6) + (-3)/2 + 1?
5, 19
Suppose -d - 5*z = -304, z = 3*d - 0*z - 864. Suppose 4*v - d + 45 = 0. List the prime factors of v.
61
Let s = 132 - 66. Suppose -s = -4*b + 2. List the prime factors of b.
17
Let z(q) = -q**3 + 5*q**2 - 3*q - 4. Let c be z(4). Suppose c = 4*d + 2*d - 546. Let x = d - 32. What are the prime factors of x?
59
Let w(t) = 13*t**2 + 5*t + 66. List the prime factors of w(-8).
2, 3, 11, 13
Let x be (16/(-20))/((-4)/(-10)). What are the prime factors of x + (-245)/(-5) + 0?
47
Suppose -472 = -6*g - 184. Let l = g + -31. List the prime factors of l.
17
Let r(